c - 21. What is the highest common factor of m and c?
16
Suppose -t + 8 - 5 = 0. Let j be 1/(t/(-85))*(3 - 6). What is the greatest common divisor of j and 17?
17
Suppose -3*c + 0*c + 180 = 3*a, 0 = -7*a + c + 444. Calculate the highest common divisor of a and 147.
21
Suppose -3*r = -3*p + 39, -2*p + 50 = 2*p - 2*r. Let o = 122 - p. Suppose 2*s = o + 142. What is the highest common factor of 18 and s?
18
Let h be 1/(-4) - 285/(-20). Let b be ((-56)/h - (1 + -4)) + 19. Suppose -41 = -4*n + 139. Calculate the greatest common divisor of b and n.
9
Suppose 4*x - 2*w + 64 = 190, 2*w = 6. Suppose l + 20 = 2*r, -r + 0*l + l = -9. What is the greatest common factor of r and x?
11
Let d be -1 - -2 - (12 - 14). Suppose d*r + 5 + 4 = 0, -18 = -i + r. Calculate the greatest common factor of 10 and i.
5
Suppose 0 = 4*u + 31 - 87. Let r be (-6)/(-3*(-1)/(-2)). Suppose -r*o + 1012 = -d + 401, -o + d + 149 = 0. Calculate the highest common divisor of u and o.
14
Let j(p) = p**3 + 11*p**2 + 6*p + 12. Let q be j(-10). Calculate the greatest common divisor of 468 and q.
52
Suppose -5*l + 32 = -3*f, 12 = -2*f - 4*l - 2. Let x be 4/(-4 + (-39)/f). Calculate the highest common factor of x and 60.
12
Let r = 634 - 579. Calculate the highest common divisor of 55 and r.
55
Suppose 0 = -4*h - 2*r - 308, 4*r + 76 = -h + 3*r. Let m = -6 - h. Calculate the highest common divisor of m and 8.
8
Suppose 5*l - 487 = -2397. Suppose -44*w + 34*w = 20. Let s be l/(-6) - w/(-3). Calculate the highest common divisor of 42 and s.
21
Suppose -6*y - 76 = -8*y - 2*x, 0 = -3*x + 6. What is the greatest common factor of 5 and y?
1
Suppose -4*l + l = -42. Let g(i) be the third derivative of i**5/60 - 23*i**3/6 + 30*i**2. Let a be g(-11). What is the greatest common factor of l and a?
14
Let z be (-1)/(-1*(-2)/(-12)). Let y be 36/(-27)*1*3. Let o = z + y. Calculate the greatest common divisor of o and 5.
1
Let r be 10*(0 + (-1)/(-2)). Let k(z) = 16*z**2 + z. Let y be k(-1). Calculate the greatest common divisor of y and r.
5
Let t(g) = -g**3 + 9*g**2 - 7*g + 16. Let j be t(7). Calculate the highest common divisor of j and 35.
5
Let l be (12/18)/(1/15). Suppose 0 = -3*z + 59 + l. Calculate the highest common factor of z and 184.
23
Suppose 4*i = 3*i + 2. Suppose 3*u - l - 206 = -i*u, -5*u - 5*l + 200 = 0. Calculate the greatest common divisor of 287 and u.
41
Let n = 149 - 97. Let x(l) = 14*l + 265. Let c be x(-18). What is the greatest common divisor of c and n?
13
Let s be ((-9)/(-6))/(9/6) - -1. Suppose -s*m = -4*b + 548, 2*b + 3*m = 244 + 38. What is the greatest common factor of b and 23?
23
Suppose 3*o + 0 - 9 = 0. Suppose o*r = -5*t - 2*r + 75, t = -2*r + 12. What is the greatest common divisor of 9 and t?
9
Let z be 423/12 - (-3)/(-12). Let a = 23 - 16. Calculate the greatest common divisor of a and z.
7
Suppose -2 = -k - 1. Let t be (0 + 0)*(0 + k). Let b(j) = 2*j + 52. Let a be b(t). What is the greatest common factor of 13 and a?
13
Let h = 18 + -19. Let g be (0 - h)/((-3)/(-3)). What is the greatest common factor of 1 and g?
1
Let c = -27 + 30. Suppose -3*r + 8 = 2*m, 5*r - 2*r = c*m + 33. Let t be (-57)/(-5) - r/15. Calculate the greatest common factor of t and 1.
1
Let v = 386 - 378. What is the greatest common factor of v and 88?
8
Suppose 2*j - 18 = -5*a, 4*j - 11*a = -6*a + 66. Calculate the highest common factor of j and 448.
14
Let f be (-4)/(-16) - (-29)/(-12)*3. Let l be (12/f)/4 - (-311)/7. Calculate the highest common divisor of l and 88.
44
Let t = 2707 + -2703. Let f be (4*-2)/((-1)/2). What is the greatest common factor of t and f?
4
Suppose -20*s = 3*h - 16*s - 129, -2*h = 5*s - 79. Calculate the highest common divisor of h and 2350.
47
Let x(b) = -b**3 - 13*b**2 + 11*b - 28. Let k(t) = t**2 - t + 1. Let y(a) = 4*k(a) + x(a). Let j be y(-10). What is the highest common factor of 18 and j?
6
Let v = 1079 - 623. Suppose 3*f + 5*t = f + v, 4*f = t + 956. What is the highest common divisor of f and 34?
34
Let y(c) = -c**2 + 26*c + 11. Let f be y(13). Calculate the greatest common factor of f and 6.
6
Let x be ((-12)/10)/((-12)/200). Suppose 0 = -5*s + x. Suppose s*y - 79 = 33. Calculate the highest common divisor of y and 14.
14
Let h = 1317 + -712. What is the highest common divisor of h and 55?
55
Let d = 162 + -151. Suppose -3*p - 5*q = -155, p + q - 24 = 29. Calculate the greatest common factor of p and d.
11
Let n = 640 - 607. Let s(p) = p**2 + 3*p + 3. Let k be s(-3). Calculate the greatest common factor of n and k.
3
Let h be 2/(-4) + 2780/8. Suppose -2*r - h = -g - 2*g, 5*g + 3*r - 591 = 0. Let d be 13/(-4)*(-5 - (-4 + 3)). Calculate the greatest common divisor of d and g.
13
Suppose 0*x = x. Let a(p) = p**2 + 100. Let j be a(x). Suppose 2*t - 5*g = j, 0 = 5*t + 2*g - 5*g - 288. What is the greatest common divisor of 24 and t?
12
Let u(o) = 47*o - 74. Let q be u(28). Calculate the highest common factor of q and 54.
54
Let n = -793 + 813. Calculate the greatest common divisor of 355 and n.
5
Suppose 5*m - 5*k - 10281 + 1591 = 0, 0 = 5*m - k - 8670. Suppose 0 = 12*j + 293 - m. What is the highest common divisor of 48 and j?
24
Let z be (0 - 3 - -8)/(2/92). Calculate the highest common factor of 23 and z.
23
Suppose -2*w + 4 + 14 = 0. Calculate the highest common divisor of 117 and w.
9
Let o be (-6)/4 + 2/4. Let y be 3/(-3) + (-13)/o. Let k = 257 + -185. Calculate the greatest common factor of y and k.
12
Let r(g) = -3*g + 49. Let f be r(-16). Let o = f + 29. Calculate the highest common factor of o and 14.
14
Let w(x) = -x**2 + 16*x - 12. Let u be w(15). Calculate the highest common divisor of 4 and u.
1
Suppose -5*z - 3*t = -18, 4*t = 3*z - 0*t - 5. Suppose -5*s + v + 650 = 6*v, -z*s = 2*v - 395. Calculate the greatest common divisor of s and 15.
15
Let a = -546 - -696. Calculate the highest common factor of a and 550.
50
Let h(p) = 5*p + 2. Suppose -9*b + 4*b = -10. Suppose 0 = 4*n - 0*n - 5*u - 9, 0 = b*n - 4*u. Let s be h(n). Calculate the highest common divisor of s and 160.
32
Let q(s) = s**3 + 6*s - 13. Let h be q(4). What is the highest common divisor of h and 475?
25
Suppose 5*p + 2*i - 4*i = 81, i - 27 = -2*p. Suppose -l = -p + 4. What is the greatest common divisor of l and 1?
1
Let y = 463 - 288. What is the greatest common factor of y and 140?
35
Let w(l) = l**2 - 10*l + 14. Let m be w(9). Let f(q) = q**2 - 2*q - 6. Let j be f(m). Calculate the greatest common factor of j and 9.
9
Let u = 13 - 10. Suppose 4*i = 5*i - 4. Suppose -67 = -2*z - u*z + i*p, 3*z + 4*p - 53 = 0. What is the greatest common divisor of 30 and z?
15
Let t(j) = -j**2 - 4*j + 8. Let x = 44 - 49. Let a be t(x). Calculate the greatest common divisor of 9 and a.
3
Let s(y) be the second derivative of 71*y**5/20 + y**3/6 - 3*y. Let w be s(1). Let f = -7 - -15. Calculate the greatest common factor of f and w.
8
Let w(b) = 2*b**2 - 2. Let r be w(3). Suppose -4*p + 5*g = 17, 0 = -0*p - 2*p + 4*g - r. Calculate the greatest common factor of p and 6.
2
Let x(v) = -v**3 - 10*v**2 - 49*v + 24. Let d be x(-8). Calculate the highest common factor of 108 and d.
36
Let v(w) = -14*w - 2. Let x be v(-3). Let b = x + -56. Let k = 27 + b. Calculate the greatest common divisor of k and 99.
11
Let b(r) = 2 - 1 - 24*r - 35*r. Let d be b(-4). Suppose d = 5*c - 478. Calculate the greatest common factor of 13 and c.
13
Let u = 0 + 10. Suppose -c = 2*y + 2*c + 1, 2*y + 4*c = 0. Let w = y - -4. Calculate the highest common factor of u and w.
2
Let f(r) = r**2 - 22*r + 26. Let y be f(21). What is the highest common divisor of y and 610?
5
Let d = 106 - 64. Suppose 5*b = 10*b - 70. What is the highest common divisor of b and d?
14
Let y be 5 + (-6)/2 + 1. Suppose -y*a + 80 = a. Calculate the highest common factor of a and 5.
5
Suppose 7*o + 158 = 1677. Calculate the highest common factor of 62 and o.
31
Let d(g) = 12*g**2 + 38*g - 190. Let z be d(5). Calculate the highest common factor of z and 60.
60
Let f = -4 + 7. Suppose -q - 2*q = -5*r - 127, -131 = -f*q + 4*r. What is the highest common divisor of 7 and q?
7
Suppose -61 = -11*l + 49. Let g = -165 + 235. What is the highest common divisor of g and l?
10
Let r(n) = n**3 + 26*n**2 - 38*n - 256. Let o be r(-27). Calculate the greatest common diviso